[INFO] fetching crate pty2 0.1.0...
[INFO] checking pty2-0.1.0 against master#e6e4f7ed1589e03bc2f6c5931c1a72e7947e8682 for beta-170-4
[INFO] extracting crate pty2 0.1.0 into /workspace/builds/worker-3-tc2/source
[INFO] validating manifest of crates.io crate pty2 0.1.0 on toolchain e6e4f7ed1589e03bc2f6c5931c1a72e7947e8682
[INFO] running `Command { std: CARGO_HOME="/workspace/cargo-home" RUSTUP_HOME="/workspace/rustup-home" "/workspace/cargo-home/bin/cargo" "+e6e4f7ed1589e03bc2f6c5931c1a72e7947e8682" "metadata" "--manifest-path" "Cargo.toml" "--no-deps", kill_on_drop: false }`
[INFO] started tweaking crates.io crate pty2 0.1.0
[INFO] finished tweaking crates.io crate pty2 0.1.0
[INFO] tweaked toml for crates.io crate pty2 0.1.0 written to /workspace/builds/worker-3-tc2/source/Cargo.toml
[INFO] crate crates.io crate pty2 0.1.0 already has a lockfile, it will not be regenerated
[INFO] running `Command { std: CARGO_HOME="/workspace/cargo-home" RUSTUP_HOME="/workspace/rustup-home" "/workspace/cargo-home/bin/cargo" "+e6e4f7ed1589e03bc2f6c5931c1a72e7947e8682" "fetch" "--manifest-path" "Cargo.toml", kill_on_drop: false }`
[INFO] running `Command { std: "docker" "create" "-v" "/var/lib/crater-agent-workspace/builds/worker-3-tc2/target:/opt/rustwide/target:rw,Z" "-v" "/var/lib/crater-agent-workspace/builds/worker-3-tc2/source:/opt/rustwide/workdir:ro,Z" "-v" "/var/lib/crater-agent-workspace/cargo-home:/opt/rustwide/cargo-home:ro,Z" "-v" "/var/lib/crater-agent-workspace/rustup-home:/opt/rustwide/rustup-home:ro,Z" "-e" "SOURCE_DIR=/opt/rustwide/workdir" "-e" "CARGO_TARGET_DIR=/opt/rustwide/target" "-e" "CARGO_HOME=/opt/rustwide/cargo-home" "-e" "RUSTUP_HOME=/opt/rustwide/rustup-home" "-w" "/opt/rustwide/workdir" "-m" "1610612736" "--user" "0:0" "--network" "none" "ghcr.io/rust-lang/crates-build-env/linux@sha256:5ff2268d62e97bff2cde7d5815dd6ed5b47097566f13b8d0ca110b04b60e07ed" "/opt/rustwide/cargo-home/bin/cargo" "+e6e4f7ed1589e03bc2f6c5931c1a72e7947e8682" "metadata" "--no-deps" "--format-version=1", kill_on_drop: false }`
[INFO] [stdout] 9646f74fb88dc5e484813176c68359a5a65677b60b609eb2f1b2a9a0d3c9611d
[INFO] running `Command { std: "docker" "start" "-a" "9646f74fb88dc5e484813176c68359a5a65677b60b609eb2f1b2a9a0d3c9611d", kill_on_drop: false }`
[INFO] running `Command { std: "docker" "inspect" "9646f74fb88dc5e484813176c68359a5a65677b60b609eb2f1b2a9a0d3c9611d", kill_on_drop: false }`
[INFO] running `Command { std: "docker" "rm" "-f" "9646f74fb88dc5e484813176c68359a5a65677b60b609eb2f1b2a9a0d3c9611d", kill_on_drop: false }`
[INFO] [stdout] 9646f74fb88dc5e484813176c68359a5a65677b60b609eb2f1b2a9a0d3c9611d
[INFO] running `Command { std: "docker" "create" "-v" "/var/lib/crater-agent-workspace/builds/worker-3-tc2/target:/opt/rustwide/target:rw,Z" "-v" "/var/lib/crater-agent-workspace/builds/worker-3-tc2/source:/opt/rustwide/workdir:ro,Z" "-v" "/var/lib/crater-agent-workspace/cargo-home:/opt/rustwide/cargo-home:ro,Z" "-v" "/var/lib/crater-agent-workspace/rustup-home:/opt/rustwide/rustup-home:ro,Z" "-e" "SOURCE_DIR=/opt/rustwide/workdir" "-e" "CARGO_TARGET_DIR=/opt/rustwide/target" "-e" "CARGO_INCREMENTAL=0" "-e" "RUST_BACKTRACE=full" "-e" "RUSTFLAGS=--cap-lints=forbid" "-e" "RUSTDOCFLAGS=--cap-lints=forbid" "-e" "CARGO_HOME=/opt/rustwide/cargo-home" "-e" "RUSTUP_HOME=/opt/rustwide/rustup-home" "-w" "/opt/rustwide/workdir" "-m" "1610612736" "--user" "0:0" "--network" "none" "ghcr.io/rust-lang/crates-build-env/linux@sha256:5ff2268d62e97bff2cde7d5815dd6ed5b47097566f13b8d0ca110b04b60e07ed" "/opt/rustwide/cargo-home/bin/cargo" "+e6e4f7ed1589e03bc2f6c5931c1a72e7947e8682" "check" "--frozen" "--all" "--all-targets" "--message-format=json", kill_on_drop: false }`
[INFO] [stdout] db761d7cb2e8b737da921cfb8ecc0c03f42bbb64651b8f948974a54b95e60f7c
[INFO] running `Command { std: "docker" "start" "-a" "db761d7cb2e8b737da921cfb8ecc0c03f42bbb64651b8f948974a54b95e60f7c", kill_on_drop: false }`
[INFO] [stderr]    Compiling libc v0.2.138
[INFO] [stderr]     Checking errno v0.2.8
[INFO] [stderr]     Checking pty2 v0.1.0 (/opt/rustwide/workdir)
[INFO] [stdout] warning: trait objects without an explicit `dyn` are deprecated
[INFO] [stdout]   --> src/descriptor/err.rs:36:32
[INFO] [stdout]    |
[INFO] [stdout] 36 |     fn cause(&self) -> Option<&Error> {
[INFO] [stdout]    |                                ^^^^^
[INFO] [stdout]    |
[INFO] [stdout]    = warning: this is accepted in the current edition (Rust 2015) but is a hard error in Rust 2021!
[INFO] [stdout]    = note: for more information, see <https://doc.rust-lang.org/nightly/edition-guide/rust-2021/warnings-promoted-to-error.html>
[INFO] [stdout]    = note: `#[warn(bare_trait_objects)]` on by default
[INFO] [stdout] help: use `dyn`
[INFO] [stdout]    |
[INFO] [stdout] 36 |     fn cause(&self) -> Option<&dyn Error> {
[INFO] [stdout]    |                                +++
[INFO] [stdout] 
[INFO] [stdout] 
[INFO] [stdout] warning: trait objects without an explicit `dyn` are deprecated
[INFO] [stdout]   --> src/descriptor/err.rs:36:32
[INFO] [stdout]    |
[INFO] [stdout] 36 |     fn cause(&self) -> Option<&Error> {
[INFO] [stdout]    |                                ^^^^^
[INFO] [stdout]    |
[INFO] [stdout]    = warning: this is accepted in the current edition (Rust 2015) but is a hard error in Rust 2021!
[INFO] [stdout]    = note: for more information, see <https://doc.rust-lang.org/nightly/edition-guide/rust-2021/warnings-promoted-to-error.html>
[INFO] [stdout]    = note: `#[warn(bare_trait_objects)]` on by default
[INFO] [stdout] help: use `dyn`
[INFO] [stdout]    |
[INFO] [stdout] 36 |     fn cause(&self) -> Option<&dyn Error> {
[INFO] [stdout]    |                                +++
[INFO] [stdout] 
[INFO] [stdout] 
[INFO] [stdout] warning: trait objects without an explicit `dyn` are deprecated
[INFO] [stdout]   --> src/fork/pty/master/err.rs:41:32
[INFO] [stdout]    |
[INFO] [stdout] 41 |     fn cause(&self) -> Option<&Error> {
[INFO] [stdout]    |                                ^^^^^
[INFO] [stdout]    |
[INFO] [stdout]    = warning: this is accepted in the current edition (Rust 2015) but is a hard error in Rust 2021!
[INFO] [stdout]    = note: for more information, see <https://doc.rust-lang.org/nightly/edition-guide/rust-2021/warnings-promoted-to-error.html>
[INFO] [stdout] help: use `dyn`
[INFO] [stdout]    |
[INFO] [stdout] 41 |     fn cause(&self) -> Option<&dyn Error> {
[INFO] [stdout]    |                                +++
[INFO] [stdout] 
[INFO] [stdout] 
[INFO] [stdout] warning: trait objects without an explicit `dyn` are deprecated
[INFO] [stdout]   --> src/fork/pty/slave/err.rs:36:32
[INFO] [stdout]    |
[INFO] [stdout] 36 |     fn cause(&self) -> Option<&Error> {
[INFO] [stdout]    |                                ^^^^^
[INFO] [stdout]    |
[INFO] [stdout]    = warning: this is accepted in the current edition (Rust 2015) but is a hard error in Rust 2021!
[INFO] [stdout]    = note: for more information, see <https://doc.rust-lang.org/nightly/edition-guide/rust-2021/warnings-promoted-to-error.html>
[INFO] [stdout] help: use `dyn`
[INFO] [stdout]    |
[INFO] [stdout] 36 |     fn cause(&self) -> Option<&dyn Error> {
[INFO] [stdout]    |                                +++
[INFO] [stdout] 
[INFO] [stdout] 
[INFO] [stdout] warning: trait objects without an explicit `dyn` are deprecated
[INFO] [stdout]   --> src/fork/pty/master/err.rs:41:32
[INFO] [stdout]    |
[INFO] [stdout] 41 |     fn cause(&self) -> Option<&Error> {
[INFO] [stdout]    |                                ^^^^^
[INFO] [stdout]    |
[INFO] [stdout]    = warning: this is accepted in the current edition (Rust 2015) but is a hard error in Rust 2021!
[INFO] [stdout]    = note: for more information, see <https://doc.rust-lang.org/nightly/edition-guide/rust-2021/warnings-promoted-to-error.html>
[INFO] [stdout] help: use `dyn`
[INFO] [stdout]    |
[INFO] [stdout] 41 |     fn cause(&self) -> Option<&dyn Error> {
[INFO] [stdout]    |                                +++
[INFO] [stdout] 
[INFO] [stdout] 
[INFO] [stdout] warning: trait objects without an explicit `dyn` are deprecated
[INFO] [stdout]   --> src/fork/pty/slave/err.rs:36:32
[INFO] [stdout]    |
[INFO] [stdout] 36 |     fn cause(&self) -> Option<&Error> {
[INFO] [stdout]    |                                ^^^^^
[INFO] [stdout]    |
[INFO] [stdout]    = warning: this is accepted in the current edition (Rust 2015) but is a hard error in Rust 2021!
[INFO] [stdout]    = note: for more information, see <https://doc.rust-lang.org/nightly/edition-guide/rust-2021/warnings-promoted-to-error.html>
[INFO] [stdout] help: use `dyn`
[INFO] [stdout]    |
[INFO] [stdout] 36 |     fn cause(&self) -> Option<&dyn Error> {
[INFO] [stdout]    |                                +++
[INFO] [stdout] 
[INFO] [stdout] 
[INFO] [stdout] warning: trait objects without an explicit `dyn` are deprecated
[INFO] [stdout]   --> src/fork/err.rs:67:32
[INFO] [stdout]    |
[INFO] [stdout] 67 |     fn cause(&self) -> Option<&Error> {
[INFO] [stdout]    |                                ^^^^^
[INFO] [stdout]    |
[INFO] [stdout]    = warning: this is accepted in the current edition (Rust 2015) but is a hard error in Rust 2021!
[INFO] [stdout]    = note: for more information, see <https://doc.rust-lang.org/nightly/edition-guide/rust-2021/warnings-promoted-to-error.html>
[INFO] [stdout] help: use `dyn`
[INFO] [stdout]    |
[INFO] [stdout] 67 |     fn cause(&self) -> Option<&dyn Error> {
[INFO] [stdout]    |                                +++
[INFO] [stdout] 
[INFO] [stdout] 
[INFO] [stdout] warning: trait objects without an explicit `dyn` are deprecated
[INFO] [stdout]   --> src/fork/err.rs:67:32
[INFO] [stdout]    |
[INFO] [stdout] 67 |     fn cause(&self) -> Option<&Error> {
[INFO] [stdout]    |                                ^^^^^
[INFO] [stdout]    |
[INFO] [stdout]    = warning: this is accepted in the current edition (Rust 2015) but is a hard error in Rust 2021!
[INFO] [stdout]    = note: for more information, see <https://doc.rust-lang.org/nightly/edition-guide/rust-2021/warnings-promoted-to-error.html>
[INFO] [stdout] help: use `dyn`
[INFO] [stdout]    |
[INFO] [stdout] 67 |     fn cause(&self) -> Option<&dyn Error> {
[INFO] [stdout]    |                                +++
[INFO] [stdout] 
[INFO] [stdout] 
[INFO] [stdout] warning: type alias `Result` is never used
[INFO] [stdout]  --> src/descriptor/err.rs:6:10
[INFO] [stdout]   |
[INFO] [stdout] 6 | pub type Result<T> = ::std::result::Result<T, DescriptorError>;
[INFO] [stdout]   |          ^^^^^^
[INFO] [stdout]   |
[INFO] [stdout]   = note: `#[warn(dead_code)]` on by default
[INFO] [stdout] 
[INFO] [stdout] 
[INFO] [stdout] warning: type alias `Result` is never used
[INFO] [stdout]  --> src/descriptor/err.rs:6:10
[INFO] [stdout]   |
[INFO] [stdout] 6 | pub type Result<T> = ::std::result::Result<T, DescriptorError>;
[INFO] [stdout]   |          ^^^^^^
[INFO] [stdout]   |
[INFO] [stdout]   = note: `#[warn(dead_code)]` on by default
[INFO] [stdout] 
[INFO] [stdout] 
[INFO] [stdout] warning: 5 warnings emitted
[INFO] [stdout] 
[INFO] [stdout] 
[INFO] [stdout] warning: 5 warnings emitted
[INFO] [stdout] 
[INFO] [stdout] 
[INFO] [stdout] error[E0463]: can't find crate for `pty`
[INFO] [stdout]  --> tests/it_fork_with_new_pty.rs:1:1
[INFO] [stdout]   |
[INFO] [stdout] 1 | extern crate pty;
[INFO] [stdout]   | ^^^^^^^^^^^^^^^^^ can't find crate
[INFO] [stdout] 
[INFO] [stdout] 
[INFO] [stdout] error[E0463]: can't find crate for `pty`
[INFO] [stdout]  --> tests/it_fork_with_new_pty.rs:1:1
[INFO] [stdout]   |
[INFO] [stdout] 1 | extern crate pty;
[INFO] [stdout]   | ^^^^^^^^^^^^^^^^^ can't find crate
[INFO] [stdout] 
[INFO] [stdout] 
[INFO] [stdout] error[E0463]: can't find crate for `pty`
[INFO] [stdout]  --> examples/new.rs:1:1
[INFO] [stdout]   |
[INFO] [stdout] 1 | extern crate pty;
[INFO] [stdout]   | ^^^^^^^^^^^^^^^^^ can't find crate
[INFO] [stdout] 
[INFO] [stdout] 
[INFO] [stdout] error[E0463]: can't find crate for `pty`
[INFO] [stdout]  --> tests/it_can_read_write.rs:1:1
[INFO] [stdout]   |
[INFO] [stdout] 1 | extern crate pty;
[INFO] [stdout]   | ^^^^^^^^^^^^^^^^^ can't find crate
[INFO] [stdout] 
[INFO] [stdout] 
[INFO] [stdout] error[E0463]: can't find crate for `pty`
[INFO] [stdout]  --> tests/it_can_read_write.rs:1:1
[INFO] [stdout]   |
[INFO] [stdout] 1 | extern crate pty;
[INFO] [stdout]   | ^^^^^^^^^^^^^^^^^ can't find crate
[INFO] [stdout] 
[INFO] [stdout] 
[INFO] [stdout] error[E0463]: can't find crate for `pty`
[INFO] [stdout]  --> examples/main.rs:1:1
[INFO] [stdout]   |
[INFO] [stdout] 1 | extern crate pty;
[INFO] [stdout]   | ^^^^^^^^^^^^^^^^^ can't find crate
[INFO] [stdout] 
[INFO] [stdout] 
[INFO] [stdout] error[E0433]: failed to resolve: use of undeclared type `Fork`
[INFO] [stdout]   --> examples/main.rs:10:16
[INFO] [stdout]    |
[INFO] [stdout] 10 |     let fork = Fork::from_ptmx().unwrap();
[INFO] [stdout]    |                ^^^^ use of undeclared type `Fork`
[INFO] [stdout] 
[INFO] [stdout] 
[INFO] [stdout] error[E0433]: failed to resolve: use of undeclared type `Fork`
[INFO] [stdout]   --> examples/new.rs:10:16
[INFO] [stdout]    |
[INFO] [stdout] 10 |     let fork = Fork::from_ptmx().unwrap();
[INFO] [stdout]    |                ^^^^ use of undeclared type `Fork`
[INFO] [stdout] 
[INFO] [stdout] 
[INFO] [stdout] error[E0412]: cannot find type `Master` in this scope
[INFO] [stdout]   --> tests/it_can_read_write.rs:10:26
[INFO] [stdout]    |
[INFO] [stdout] 10 | fn read_line(master:&mut Master) -> String {
[INFO] [stdout]    |                          ^^^^^^ not found in this scope
[INFO] [stdout] 
[INFO] [stdout] 
[INFO] [stdout] error[E0412]: cannot find type `Master` in this scope
[INFO] [stdout]   --> tests/it_can_read_write.rs:10:26
[INFO] [stdout]    |
[INFO] [stdout] 10 | fn read_line(master:&mut Master) -> String {
[INFO] [stdout]    |                          ^^^^^^ not found in this scope
[INFO] [stdout] 
[INFO] [stdout] 
[INFO] [stdout] error[E0433]: failed to resolve: use of undeclared type `Fork`
[INFO] [stdout]   --> tests/it_fork_with_new_pty.rs:13:16
[INFO] [stdout]    |
[INFO] [stdout] 13 |     let fork = Fork::from_ptmx().unwrap();
[INFO] [stdout]    |                ^^^^ use of undeclared type `Fork`
[INFO] [stdout] 
[INFO] [stdout] 
[INFO] [stdout] error[E0433]: failed to resolve: use of undeclared type `Fork`
[INFO] [stdout]   --> tests/it_fork_with_new_pty.rs:13:16
[INFO] [stdout]    |
[INFO] [stdout] 13 |     let fork = Fork::from_ptmx().unwrap();
[INFO] [stdout]    |                ^^^^ use of undeclared type `Fork`
[INFO] [stdout] 
[INFO] [stdout] 
[INFO] [stdout] warning: unused import: `std::io::Read`
[INFO] [stdout]  --> examples/main.rs:6:5
[INFO] [stdout]   |
[INFO] [stdout] 6 | use std::io::Read;
[INFO] [stdout]   |     ^^^^^^^^^^^^^
[INFO] [stdout]   |
[INFO] [stdout]   = note: `#[warn(unused_imports)]` on by default
[INFO] [stdout] 
[INFO] [stdout] 
[INFO] [stdout] warning: unused import: `std::io::prelude`
[INFO] [stdout]  --> tests/it_fork_with_new_pty.rs:7:5
[INFO] [stdout]   |
[INFO] [stdout] 7 | use std::io::prelude::*;
[INFO] [stdout]   |     ^^^^^^^^^^^^^^^^
[INFO] [stdout]   |
[INFO] [stdout]   = note: `#[warn(unused_imports)]` on by default
[INFO] [stdout] 
[INFO] [stdout] 
[INFO] [stdout] error: aborting due to 2 previous errors; 1 warning emitted
[INFO] [stdout] 
[INFO] [stdout] 
[INFO] [stdout] Some errors have detailed explanations: E0433, E0463.
[INFO] [stdout] 
[INFO] [stdout] For more information about an error, try `rustc --explain E0433`.
[INFO] [stdout] 
[INFO] [stdout] error: aborting due to 2 previous errors; 1 warning emitted
[INFO] [stdout] 
[INFO] [stdout] 
[INFO] [stdout] Some errors have detailed explanations: E0433, E0463.
[INFO] [stdout] 
[INFO] [stdout] For more information about an error, try `rustc --explain E0433`.
[INFO] [stdout] 
[INFO] [stdout] warning: unused import: `std::io::prelude`
[INFO] [stdout]  --> examples/new.rs:6:5
[INFO] [stdout]   |
[INFO] [stdout] 6 | use std::io::prelude::*;
[INFO] [stdout]   |     ^^^^^^^^^^^^^^^^
[INFO] [stdout]   |
[INFO] [stdout]   = note: `#[warn(unused_imports)]` on by default
[INFO] [stdout] 
[INFO] [stdout] 
[INFO] [stdout] error: aborting due to 2 previous errors; 1 warning emitted
[INFO] [stdout] 
[INFO] [stdout] 
[INFO] [stdout] Some errors have detailed explanations: E0433, E0463.
[INFO] [stdout] 
[INFO] [stdout] For more information about an error, try `rustc --explain E0433`.
[INFO] [stdout] 
[INFO] [stderr] error: could not compile `pty2` (example "main") due to 3 previous errors; 1 warning emitted
[INFO] [stderr] warning: build failed, waiting for other jobs to finish...
[INFO] [stderr] error: could not compile `pty2` (test "it_fork_with_new_pty") due to 3 previous errors; 1 warning emitted
[INFO] [stderr] error: could not compile `pty2` (example "new") due to 3 previous errors; 1 warning emitted
[INFO] [stdout] error[E0604]: only `u8` can be cast as `char`, not `{integer}`
[INFO] [stdout]   --> tests/it_can_read_write.rs:13:11
[INFO] [stdout]    |
[INFO] [stdout] 13 |     while buf[0] as char != '\n' {
[INFO] [stdout]    |           ^^^^^^^^^^^^^^ invalid cast
[INFO] [stdout]    |
[INFO] [stdout] help: try `char::from_u32` instead (via a `u32`)
[INFO] [stdout]   --> tests/it_can_read_write.rs:13:11
[INFO] [stdout]    |
[INFO] [stdout] 13 |     while buf[0] as char != '\n' {
[INFO] [stdout]    |           ^^^^^^^^^^^^^^
[INFO] [stdout] 
[INFO] [stdout] 
[INFO] [stdout] error[E0604]: only `u8` can be cast as `char`, not `{integer}`
[INFO] [stdout]   --> tests/it_can_read_write.rs:13:11
[INFO] [stdout]    |
[INFO] [stdout] 13 |     while buf[0] as char != '\n' {
[INFO] [stdout]    |           ^^^^^^^^^^^^^^ invalid cast
[INFO] [stdout]    |
[INFO] [stdout] help: try `char::from_u32` instead (via a `u32`)
[INFO] [stdout]   --> tests/it_can_read_write.rs:13:11
[INFO] [stdout]    |
[INFO] [stdout] 13 |     while buf[0] as char != '\n' {
[INFO] [stdout]    |           ^^^^^^^^^^^^^^
[INFO] [stdout] 
[INFO] [stdout] 
[INFO] [stdout] error[E0604]: only `u8` can be cast as `char`, not `{integer}`
[INFO] [stdout]   --> tests/it_can_read_write.rs:15:18
[INFO] [stdout]    |
[INFO] [stdout] 15 |         res.push(buf[0] as char)
[INFO] [stdout]    |                  ^^^^^^^^^^^^^^ invalid cast
[INFO] [stdout]    |
[INFO] [stdout] help: try `char::from_u32` instead (via a `u32`)
[INFO] [stdout]   --> tests/it_can_read_write.rs:15:18
[INFO] [stdout]    |
[INFO] [stdout] 15 |         res.push(buf[0] as char)
[INFO] [stdout]    |                  ^^^^^^^^^^^^^^
[INFO] [stdout] 
[INFO] [stdout] 
[INFO] [stdout] error[E0604]: only `u8` can be cast as `char`, not `{integer}`
[INFO] [stdout]   --> tests/it_can_read_write.rs:15:18
[INFO] [stdout]    |
[INFO] [stdout] 15 |         res.push(buf[0] as char)
[INFO] [stdout]    |                  ^^^^^^^^^^^^^^ invalid cast
[INFO] [stdout]    |
[INFO] [stdout] help: try `char::from_u32` instead (via a `u32`)
[INFO] [stdout]   --> tests/it_can_read_write.rs:15:18
[INFO] [stdout]    |
[INFO] [stdout] 15 |         res.push(buf[0] as char)
[INFO] [stdout]    |                  ^^^^^^^^^^^^^^
[INFO] [stdout] 
[INFO] [stdout] 
[INFO] [stdout] error[E0433]: failed to resolve: use of undeclared type `Fork`
[INFO] [stdout]   --> tests/it_can_read_write.rs:22:16
[INFO] [stdout]    |
[INFO] [stdout] 22 |     let fork = Fork::from_ptmx().unwrap();
[INFO] [stdout]    |                ^^^^ use of undeclared type `Fork`
[INFO] [stdout] 
[INFO] [stdout] 
[INFO] [stdout] error[E0433]: failed to resolve: use of undeclared type `Fork`
[INFO] [stdout]   --> tests/it_can_read_write.rs:22:16
[INFO] [stdout]    |
[INFO] [stdout] 22 |     let fork = Fork::from_ptmx().unwrap();
[INFO] [stdout]    |                ^^^^ use of undeclared type `Fork`
[INFO] [stdout] 
[INFO] [stdout] 
[INFO] [stdout] warning: unused import: `std::io::prelude`
[INFO] [stdout]  --> tests/it_fork_with_new_pty.rs:7:5
[INFO] [stdout]   |
[INFO] [stdout] 7 | use std::io::prelude::*;
[INFO] [stdout]   |     ^^^^^^^^^^^^^^^^
[INFO] [stdout]   |
[INFO] [stdout]   = note: `#[warn(unused_imports)]` on by default
[INFO] [stdout] 
[INFO] [stdout] 
[INFO] [stdout] warning: unused import: `std::io::prelude`
[INFO] [stdout]  --> tests/it_can_read_write.rs:6:5
[INFO] [stdout]   |
[INFO] [stdout] 6 | use std::io::prelude::*;
[INFO] [stdout]   |     ^^^^^^^^^^^^^^^^
[INFO] [stdout] 
[INFO] [stdout] 
[INFO] [stdout] warning: unused import: `std::io::prelude`
[INFO] [stdout]  --> tests/it_can_read_write.rs:6:5
[INFO] [stdout]   |
[INFO] [stdout] 6 | use std::io::prelude::*;
[INFO] [stdout]   |     ^^^^^^^^^^^^^^^^
[INFO] [stdout]   |
[INFO] [stdout]   = note: `#[warn(unused_imports)]` on by default
[INFO] [stdout] 
[INFO] [stdout] 
[INFO] [stdout] error: aborting due to 7 previous errors; 2 warnings emitted
[INFO] [stdout] 
[INFO] [stdout] 
[INFO] [stdout] Some errors have detailed explanations: E0412, E0433, E0463, E0604.
[INFO] [stdout] 
[INFO] [stdout] For more information about an error, try `rustc --explain E0412`.
[INFO] [stdout] 
[INFO] [stdout] error: aborting due to 5 previous errors; 1 warning emitted
[INFO] [stdout] 
[INFO] [stdout] 
[INFO] [stdout] Some errors have detailed explanations: E0412, E0433, E0463, E0604.
[INFO] [stdout] 
[INFO] [stdout] For more information about an error, try `rustc --explain E0412`.
[INFO] [stdout] 
[INFO] [stderr] error: could not compile `pty2` (test "lib") due to 8 previous errors; 2 warnings emitted
[INFO] [stderr] error: could not compile `pty2` (test "it_can_read_write") due to 6 previous errors; 1 warning emitted
[INFO] running `Command { std: "docker" "inspect" "db761d7cb2e8b737da921cfb8ecc0c03f42bbb64651b8f948974a54b95e60f7c", kill_on_drop: false }`
[INFO] running `Command { std: "docker" "rm" "-f" "db761d7cb2e8b737da921cfb8ecc0c03f42bbb64651b8f948974a54b95e60f7c", kill_on_drop: false }`
[INFO] [stdout] db761d7cb2e8b737da921cfb8ecc0c03f42bbb64651b8f948974a54b95e60f7c
